{"id":473,"date":"2026-02-06T10:05:27","date_gmt":"2026-02-06T10:05:27","guid":{"rendered":"https:\/\/www.echirollesensemble.fr\/?page_id=473"},"modified":"2026-02-11T15:16:24","modified_gmt":"2026-02-11T15:16:24","slug":"pour-une-ville-metropolitaine-bien-geree","status":"publish","type":"page","link":"https:\/\/www.echirollesensemble.fr\/index.php\/pour-une-ville-metropolitaine-bien-geree\/","title":{"rendered":"Pour une ville m\u00e9tropolitaine bien g\u00e9r\u00e9e"},"content":{"rendered":"\n<div id=\"wp-block-themeisle-blocks-advanced-columns-60142088\" class=\"wp-block-themeisle-blocks-advanced-columns alignfull has-1-columns has-desktop-equal-layout has-tablet-equal-layout has-mobile-equal-layout has-vertical-unset animated fadeIn\"><div class=\"wp-block-themeisle-blocks-advanced-columns-overlay\"><\/div><div class=\"innerblocks-wrap\">\n<div id=\"wp-block-themeisle-blocks-advanced-column-3ff48aad\" class=\"wp-block-themeisle-blocks-advanced-column\">\n<h5 class=\"wp-block-heading alignwide has-text-align-center has-black-color has-text-color\" style=\"font-size:43px;line-height:1\">Pour une ville m\u00e9tropolitaine bien g\u00e9r\u00e9e<\/h5>\n<\/div>\n<\/div><\/div>\n\n\n\n<div id=\"wp-block-themeisle-blocks-advanced-columns-01219de1\" class=\"wp-block-themeisle-blocks-advanced-columns alignwide has-3-columns has-desktop-equal-layout has-tablet-equal-layout has-mobile-collapsedRows-layout has-vertical-unset has-vertical-undefined has-light-bg animated fadeInLeft\"><div class=\"wp-block-themeisle-blocks-advanced-columns-overlay\"><\/div><div class=\"innerblocks-wrap\">\n<div id=\"wp-block-themeisle-blocks-advanced-column-93eccca7\" class=\"wp-block-themeisle-blocks-advanced-column\">\n<h6 class=\"wp-block-heading has-secondary-color has-text-color has-medium-font-size\"><strong><strong><strong>FINANCES COMMUNALES<\/strong><\/strong><\/strong><\/h6>\n\n\n\n<h4 class=\"wp-block-heading has-text-color has-link-color wp-elements-f411e420ee5a8aadd15af43bade82f4f\" style=\"color:#070731;font-size:20px\"><strong>Depuis plusieurs ann\u00e9es, la dette de la ville a fortement diminu\u00e9. Aujourd\u2019hui, la capacit\u00e9 de d\u00e9sendettement est d\u2019environ quatre ans. Cette situation est le r\u00e9sultat d\u2019un travail rigoureux et responsable, fond\u00e9 sur le respect de l\u2019argent public et des imp\u00f4ts des \u00c9chirolloises et des \u00c9chirollois. Sans des finances saines, pas de politiques ambitieuses&nbsp;!<\/strong><\/h4>\n\n\n\n<ul class=\"wp-block-list\">\n<li>Nous n\u2019augmenterons pas le taux communal de la taxe fonci\u00e8re.<\/li>\n\n\n\n<li>Nous ma\u00eetriserons l\u2019endettement de la ville.<\/li>\n\n\n\n<li>Nous maintiendrons une dette communale saine. Pas d\u2019emprunt toxique&nbsp;!<\/li>\n\n\n\n<li>Nous renforcerons les crit\u00e8res locaux et environnementaux dans la commande publique.<\/li>\n\n\n\n<li>Nous exp\u00e9rimenterons une exon\u00e9ration partielle de la taxe fonci\u00e8re pour les travaux de r\u00e9novation thermique des particuliers.<\/li>\n<\/ul>\n<\/div>\n\n\n\n<div id=\"wp-block-themeisle-blocks-advanced-column-8a190e93\" class=\"wp-block-themeisle-blocks-advanced-column\"><\/div>\n\n\n\n<div id=\"wp-block-themeisle-blocks-advanced-column-630e8862\" class=\"wp-block-themeisle-blocks-advanced-column\">\n<h6 class=\"wp-block-heading has-secondary-color has-text-color has-medium-font-size\"><strong><strong><strong><strong>POUR UNE M\u00c9TROPOLE DES PROXIMIT\u00c9S<\/strong><\/strong><\/strong><\/strong><\/h6>\n\n\n\n<h4 class=\"wp-block-heading has-text-color has-link-color wp-elements-78ce32a9a926cd51def1398720420815\" style=\"color:#070731;font-size:20px\"><strong><strong>Avec la cr\u00e9ation de la M\u00e9tropole, il y a plus de 10 ans, notre ville peut porter des projets ambitieux pour notre territoire, mais aussi agir concr\u00e8tement sur le quotidien, notamment en mati\u00e8re de voirie et de mobilit\u00e9s. Nous d\u00e9fendrons une m\u00e9tropole plus \u00e0 l\u2019\u00e9coute des territoires, des communes et des besoins des habitants et habitantes.<\/strong><\/strong><\/h4>\n\n\n\n<ul class=\"wp-block-list\">\n<li>Nous maintiendrons le stationnement gratuit \u00e0 \u00c9chirolles et refuserons pour cela le transfert du pouvoir de police de circulation \u00e0 la M\u00e9tropole.<\/li>\n\n\n\n<li>Nous poursuivrons le d\u00e9veloppement de pistes cyclables s\u00e9curis\u00e9es, notamment les chronov\u00e9los.<\/li>\n\n\n\n<li>Nous porterons une m\u00e9tropole des proximit\u00e9s, r\u00e9active et \u00e0 l\u2019\u00e9coute des habitants et habitantes.<\/li>\n\n\n\n<li>Nous impulserons le r\u00e9am\u00e9nagement et l\u2019am\u00e9lioration de la qualit\u00e9 de plusieurs voiries et leur v\u00e9g\u00e9talisation.<\/li>\n\n\n\n<li>Nous poursuivrons, avec la M\u00e9tropole, Grenoble et Eybens, la dynamique GrandAlpe.<\/li>\n\n\n\n<li>Nous exigerons de la M\u00e9tropole la r\u00e9fection du marquage des parkings lui appartenant.<\/li>\n<\/ul>\n<\/div>\n<\/div><\/div>\n\n\n\n<div id=\"wp-block-themeisle-blocks-advanced-columns-4bf69cd6\" class=\"wp-block-themeisle-blocks-advanced-columns alignwide has-1-columns has-desktop-equal-layout has-tablet-equal-layout has-mobile-collapsedRows-layout has-vertical-center has-light-bg animated fadeInLeft\"><div class=\"wp-block-themeisle-blocks-advanced-columns-overlay\"><\/div><div class=\"innerblocks-wrap\">\n<div id=\"wp-block-themeisle-blocks-advanced-column-289eed5b\" class=\"wp-block-themeisle-blocks-advanced-column\">\n<h6 class=\"wp-block-heading has-secondary-color has-text-color has-medium-font-size\"><strong><strong><strong>\u00c9CONOMIE<\/strong><\/strong><\/strong><\/h6>\n\n\n\n<h4 class=\"wp-block-heading has-text-color has-link-color wp-elements-39133562514b6f08a17fd5035d5884f2\" style=\"color:#070731;font-size:20px\">\u00c9chirolles, 2e bassin d&#8217;emplois de l&rsquo;Is\u00e8re<\/h4>\n\n\n\n<ul class=\"wp-block-list\">\n<li>Nous reprendrons, si n\u00e9cessaire, la ma\u00eetrise de certains commerces, notamment en centre-ville, afin de diversifier l\u2019offre commerciale, en particulier dans la restauration.<\/li>\n\n\n\n<li>Nous soutiendrons l\u2019installation de nouveaux commerces de proximit\u00e9 notamment dans le quartier de la gare, le carrefour du ch\u00eane et \u00e0 c\u00f4t\u00e9 de la Butte.<\/li>\n\n\n\n<li>Nous mobiliserons des entreprises partenaires pour soutenir \u00ab&nbsp;Territoire Z\u00e9ro Ch\u00f4meur de Longue Dur\u00e9e&nbsp;\u00bb.<\/li>\n\n\n\n<li>Nous conforterons les chantiers d\u2019insertion avec une priorit\u00e9 aux \u00c9chirollois.<\/li>\n\n\n\n<li>Nous organiserons un nouveau march\u00e9 en semaine en centre-ville afin de dynamiser le commerce local, en compl\u00e9ment du retour du march\u00e9 du vendredi \u00e0 la Butte.<\/li>\n\n\n\n<li>Nous poursuivrons l\u2019\u00e9v\u00e8nement Alpes Open Source Software\u200b (AlpOSS) qui rassemble associations, entreprises et acteurs du num\u00e9rique de notre agglom\u00e9ration.<\/li>\n\n\n\n<li>Nous travaillerons \u00e0 la r\u00e9installation d\u2019un bureau de tabac-presse au Village Sud.<\/li>\n\n\n\n<li>Nous soutiendrons les projets coop\u00e9ratifs en soutien de la plateforme chimique de Jarrie-Pont-de-Claix.<\/li>\n<\/ul>\n<\/div>\n<\/div><\/div>\n\n\n\n<div class=\"wp-block-group animated fadeInLeft has-background\" style=\"border-radius:8px;background-color:#f9f8f7;padding-top:32px;padding-right:32px;padding-bottom:32px;padding-left:32px\"><div class=\"wp-block-group__inner-container is-layout-constrained wp-container-core-group-is-layout-1a1c0e64 wp-block-group-is-layout-constrained\">\n<div class=\"wp-block-columns is-layout-flex wp-container-core-columns-is-layout-cbe57604 wp-block-columns-is-layout-flex\">\n<div class=\"wp-block-column is-layout-flow wp-block-column-is-layout-flow\" style=\"flex-basis:33.33%\">\n<div class=\"wp-block-group\" style=\"margin-top:-64px\"><div class=\"wp-block-group__inner-container is-layout-constrained wp-block-group-is-layout-constrained\">\n<figure class=\"wp-block-image size-full has-custom-border\"><img loading=\"lazy\" decoding=\"async\" width=\"1500\" height=\"2000\" src=\"https:\/\/www.echirollesensemble.fr\/wp-content\/uploads\/2026\/02\/c22fd89f8728411f9ce9fe2da36fa16dFl7rd4IdfXHukSGj-0.png\" alt=\"\" class=\"wp-image-641\" style=\"border-radius:8px;aspect-ratio:9\/16;object-fit:cover\" srcset=\"https:\/\/www.echirollesensemble.fr\/wp-content\/uploads\/2026\/02\/c22fd89f8728411f9ce9fe2da36fa16dFl7rd4IdfXHukSGj-0.png 1500w, https:\/\/www.echirollesensemble.fr\/wp-content\/uploads\/2026\/02\/c22fd89f8728411f9ce9fe2da36fa16dFl7rd4IdfXHukSGj-0-225x300.png 225w, https:\/\/www.echirollesensemble.fr\/wp-content\/uploads\/2026\/02\/c22fd89f8728411f9ce9fe2da36fa16dFl7rd4IdfXHukSGj-0-768x1024.png 768w, https:\/\/www.echirollesensemble.fr\/wp-content\/uploads\/2026\/02\/c22fd89f8728411f9ce9fe2da36fa16dFl7rd4IdfXHukSGj-0-1152x1536.png 1152w\" sizes=\"auto, (max-width: 1500px) 100vw, 1500px\" \/><\/figure>\n<\/div><\/div>\n<\/div>\n\n\n\n<div class=\"wp-block-column is-vertically-aligned-center is-layout-flow wp-container-core-column-is-layout-f5bb311e wp-block-column-is-layout-flow\" style=\"flex-basis:66.66%\">\n<h2 class=\"wp-block-heading\">Aur\u00e9lien Farge<\/h2>\n\n\n\n<p class=\"has-small-font-size\" style=\"font-style:normal;font-weight:600;text-transform:uppercase\">Adjoint \u00e0 la Maire<\/p>\n\n\n\n<p>Gr\u00e2ce au travail men\u00e9 depuis plusieurs ann\u00e9es, notre ville dispose aujourd\u2019hui d\u2019une situation financi\u00e8re saine, avec un faible endettement et une \u00e9pargne solide au service de l\u2019investissement. Cette gestion s\u00e9rieuse permet aujourd\u2019hui de porter un projet ambitieux tout en s\u2019engageant \u00e0 ma\u00eetriser la fiscalit\u00e9 locale, dans un contexte o\u00f9 il est important de pr\u00e9server le pouvoir d&rsquo;achat de toutes et tous.<\/p>\n<\/div>\n<\/div>\n<\/div><\/div>\n\n\n\n<div style=\"height:32px\" aria-hidden=\"true\" class=\"wp-block-spacer\"><\/div>\n\n\n\n<div class=\"wp-block-group animated fadeInRight has-background is-nowrap is-layout-flex wp-container-core-group-is-layout-108885a5 wp-block-group-is-layout-flex\" style=\"border-radius:8px;background-color:#f9f8f7;padding-top:32px;padding-right:32px;padding-bottom:32px;padding-left:32px\">\n<div class=\"wp-block-columns is-layout-flex wp-container-core-columns-is-layout-cbe57604 wp-block-columns-is-layout-flex\">\n<div class=\"wp-block-column is-vertically-aligned-center is-layout-flow wp-container-core-column-is-layout-f5bb311e wp-block-column-is-layout-flow\" style=\"flex-basis:66.66%\">\n<h2 class=\"wp-block-heading\">Pierre Labriet<\/h2>\n\n\n\n<p class=\"has-small-font-size\" style=\"font-style:normal;font-weight:600;text-transform:uppercase\">Adjoint | Conseiller m\u00e9tropolitain<\/p>\n\n\n\n<p>La M\u00e9tropole est une chance pour d\u00e9ployer des grands projets comme GrandAlpe, la r\u00e9novation d\u2019Essarts-Surieux, et pour demain voir le RER m\u00e9tropolitain desservir la gare d\u2019\u00c9chirolles. Mais Grenoble-Alpes-M\u00e9tropole est parfois trop \u00e9loign\u00e9e des pr\u00e9occupations quotidiennes. Nous voulons une m\u00e9tropole des proximit\u00e9s, dans laquelle l\u2019expertise des habitants est prise en compte, tout autant que celle des nombreuses entreprises install\u00e9es \u00e0 \u00c9chirolles. Les interventions m\u00e9tropolitaines sur la voirie, le d\u00e9veloppement \u00e9conomique ou l\u2019emploi par exemple doivent \u00eatre travaill\u00e9es avec les \u00e9lu-es locaux et les forces vives de la commune.<\/p>\n<\/div>\n\n\n\n<div class=\"wp-block-column is-layout-flow wp-block-column-is-layout-flow\" style=\"flex-basis:33.33%\">\n<div class=\"wp-block-group\" style=\"margin-top:-64px\"><div class=\"wp-block-group__inner-container is-layout-constrained wp-block-group-is-layout-constrained\">\n<figure class=\"wp-block-image size-full has-custom-border\"><img loading=\"lazy\" decoding=\"async\" width=\"615\" height=\"836\" src=\"https:\/\/www.echirollesensemble.fr\/wp-content\/uploads\/2026\/02\/PL-PNG.png\" alt=\"\" class=\"wp-image-642\" style=\"border-radius:8px;aspect-ratio:9\/16;object-fit:cover\" srcset=\"https:\/\/www.echirollesensemble.fr\/wp-content\/uploads\/2026\/02\/PL-PNG.png 615w, https:\/\/www.echirollesensemble.fr\/wp-content\/uploads\/2026\/02\/PL-PNG-221x300.png 221w\" sizes=\"auto, (max-width: 615px) 100vw, 615px\" \/><\/figure>\n<\/div><\/div>\n<\/div>\n<\/div>\n<\/div>\n\n\n\n<div style=\"height:66px\" aria-hidden=\"true\" class=\"wp-block-spacer\"><\/div>\n","protected":false},"excerpt":{"rendered":"<p>Aur\u00e9lien Farge Adjoint \u00e0 la Maire Gr\u00e2ce au travail men\u00e9 depuis plusieurs ann\u00e9es, notre ville dispose aujourd\u2019hui d\u2019une situation financi\u00e8re saine, avec un faible endettement et une \u00e9pargne solide au service de l\u2019investissement. Cette gestion s\u00e9rieuse permet aujourd\u2019hui de porter un projet ambitieux tout en s\u2019engageant \u00e0 ma\u00eetriser la fiscalit\u00e9 [&hellip;]<\/p>\n","protected":false},"author":1,"featured_media":0,"parent":0,"menu_order":0,"comment_status":"closed","ping_status":"closed","template":"","meta":{"_themeisle_gutenberg_block_has_review":false,"footnotes":""},"class_list":["post-473","page","type-page","status-publish","hentry"],"_links":{"self":[{"href":"https:\/\/www.echirollesensemble.fr\/index.php\/wp-json\/wp\/v2\/pages\/473","targetHints":{"allow":["GET"]}}],"collection":[{"href":"https:\/\/www.echirollesensemble.fr\/index.php\/wp-json\/wp\/v2\/pages"}],"about":[{"href":"https:\/\/www.echirollesensemble.fr\/index.php\/wp-json\/wp\/v2\/types\/page"}],"author":[{"embeddable":true,"href":"https:\/\/www.echirollesensemble.fr\/index.php\/wp-json\/wp\/v2\/users\/1"}],"replies":[{"embeddable":true,"href":"https:\/\/www.echirollesensemble.fr\/index.php\/wp-json\/wp\/v2\/comments?post=473"}],"version-history":[{"count":7,"href":"https:\/\/www.echirollesensemble.fr\/index.php\/wp-json\/wp\/v2\/pages\/473\/revisions"}],"predecessor-version":[{"id":736,"href":"https:\/\/www.echirollesensemble.fr\/index.php\/wp-json\/wp\/v2\/pages\/473\/revisions\/736"}],"wp:attachment":[{"href":"https:\/\/www.echirollesensemble.fr\/index.php\/wp-json\/wp\/v2\/media?parent=473"}],"curies":[{"name":"wp","href":"https:\/\/api.w.org\/{rel}","templated":true}]}}